 = 5*d + a. Let u(x) = -x**3 + 3*x**2 + 5*x + 1. Calculate u(h).
5
Suppose -1360 = -67*w + 27*w. Let h(r) = -29 + r + 104 - 27 - w. Suppose -5*b = 2*o + 40, -5*b - 4*o - 20 = 20. Calculate h(b).
6
Let x(d) = -13*d**2 + d - 2. Let q(v) = -264*v + 2641. Let i be q(10). Calculate x(i).
-14
Let f(h) = 8*h + 3*h + 3*h**2 - h**3 + 22 - 21 + 5*h - 6*h. Give f(5).
1
Let j(t) = 13*t. Let z(m) = 247*m. Let f(v) = -39*j(v) + 2*z(v). Let b(c) = -12*c - 1. Let o(s) = -6*b(s) + 5*f(s). Calculate o(-5).
-29
Let c(n) = -15*n - 23 - 454*n**3 + 0 + 11*n**2 + 453*n**3. Calculate c(9).
4
Let f be (-24)/(-14)*7/2. Suppose 5*q - 122 = -4*m, -q + 14 + 16 = -2*m. Let z(j) = j**3 - 7*j + 12 - q*j**2 + 0*j**3 + 21*j**2 - 4. Calculate z(f).
2
Suppose 469*w - 470*w + 6 = 0. Let c(h) = 5*h**3 + 5*h**2 - 8*h - 2. Let k(o) = -o**3 - 2*o**2. Let n(m) = w*k(m) + c(m). Let j = 8 - 14. Give n(j).
10
Suppose -10*c - 6428 = -6518. Let g(o) = -2*o**2 + 15*o + 19. What is g(c)?
-8
Let i(r) = 114*r**3 - 9*r**2 + 11*r + 11. Let z(t) = -38*t**3 + 3*t**2 - 4*t - 4. Let j(y) = 3*i(y) + 8*z(y). What is j(1)?
37
Let d(x) = -x + 91. Suppose 905*z - 972*z = 0. Determine d(z).
91
Let i(b) be the third derivative of 0*b + 0 + 1/24*b**4 + 1/6*b**3 + b**2. Suppose 0 = -75*z + 25 + 41 + 9. Determine i(z).
2
Let j be -3 - -4 - (5 + (-44)/4). Let a(u) be the third derivative of -u**4/24 + u**3 - 100*u**2. Calculate a(j).
-1
Let h(b) = -5*b**2 + 22*b + 4. Let l = 401 + -409. Let k(u) = -13*u**2 + 64*u + 13. Let s(z) = l*h(z) + 3*k(z). What is s(-15)?
-8
Let g(z) be the third derivative of -z**2 + 0 + 0*z - 1/12*z**4 - 1/2*z**3. Let u = -7704 - -7702. Calculate g(u).
1
Suppose 0*x - 30 = 5*x. Let z(l) = 6*l**2 + l**3 - 40123*l + 3 - 5 + 40124*l. Give z(x).
-8
Suppose 6*w = 17*w - 55. Suppose -7*u = -3*u - 3*r - 17, 21 = w*u - 4*r. Let k(j) = 2*j + 3. What is k(u)?
13
Let f = -440 - -441. Let i(c) = -c**2 - 3*c + 3. Give i(f).
-1
Let s(w) = w**2 - 17*w - 17. Let z(a) = a**3 + 5*a**2 - 8*a - 24. Let h be z(-5). Determine s(h).
-33
Let c(k) = -475*k + 18*k + 463*k + 9*k**3 + 7. Calculate c(-1).
-8
Let q(m) = -m**3 + 8*m**2 - 5*m - 7. Suppose -2*b + 6*b = -16. Let f(z) = 4*z**2 + 6*z. Let n be f(b). Suppose -103 = -9*g - n. What is q(g)?
7
Let f(g) = -g**3 - 3*g**2 + 2*g + 1. Let k be f(-3). Let h(w) = -8*w + 52*w**3 + 2*w - 92*w**3 + 5 + 41*w**3 + 12*w + 11*w**2 - 5*w**2. Calculate h(k).
0
Let t(z) be the second derivative of -z**3/6 + 22*z + 80. Suppose 0*a = -2*a - 6. What is t(a)?
3
Let g(h) = -7*h + 16. Let m be (270/(-495) - (-89)/22)/(4/8). What is g(m)?
-33
Let b be 51/(-17) + (2 - -4). Let g(t) = -b + 3*t**2 - 25240*t - t**3 + 2 + 25240*t. Calculate g(3).
-1
Let z(w) = w - 1. Let n = 679 - 676. Suppose 12 = -27*k + 24*k, -n*u + 2*k = 4. Give z(u).
-5
Suppose 0 = 16*c - 23*c - 63. Let n(d) = 7*d**2 + 38*d + 3. Let j(a) = 3*a**2 + 18*a + 1. Let w(f) = c*j(f) + 4*n(f). What is w(7)?
-18
Let v(r) = -4*r**2 - 7*r + 22. Let g(w) = -22*w + 3. Let b be g(0). What is v(b)?
-35
Let p be 1/((-2)/(-12)*3) - 2. Let g = 36 - 40. Let i(c) = 3*c + 3. Let l(v) = -2*v - 2. Let j(u) = g*l(u) - 3*i(u). Give j(p).
-1
Let z(r) be the first derivative of 80 - 1/2*r**2 + 6*r. What is z(-6)?
12
Suppose -5*g + 68 + 19 = 22. Let z(l) = l**3 - 14*l**2 + 14*l + 5. Determine z(g).
18
Let r(o) = o**2 + o. Let y(p) = -5*p**2 - 4*p - 1. Let v(u) = -4*r(u) - y(u). Let t(q) = 2*q**2 + q + 3. Let i(f) = 6*t(f) - 13*v(f). Give i(4).
13
Let c(n) = 4*n**3 + 9*n**2 - 10*n - 13. Let k(q) = -5*q**3 - 7*q**2 + 12*q + 12. Let d(t) = -6*c(t) - 5*k(t). What is d(19)?
18
Suppose -1 = 2*j - 23. Let k(x) be the first derivative of -x**4/4 + 10*x**3/3 + 5*x**2 + 8*x - 25403. Give k(j).
-3
Let i(p) = -3*p**3 - 2*p**2 - 6*p - 23. Let c(s) = 4*s**3 + 3*s**2 + 6*s + 28. Let d(k) = -4*c(k) - 5*i(k). Determine d(-4).
11
Let i(j) = -36*j**2 + 56*j - 14. Let p(v) = 13*v**2 - 21*v + 5. Let n(c) = -4*i(c) - 11*p(c). What is n(-5)?
-9
Suppose -188*g = -43*g - 290. Let n(b) = 27*b - 11. Give n(g).
43
Suppose 0 = -4*s - 5 + 1. Let y(x) be the third derivative of x**5/5 + x**4/24 + 7*x**2 - 47*x + 2. Determine y(s).
11
Let n(m) = 444*m**2 - 332 + 342 + 9*m - 443*m**2. Let r = -8 - -1. Calculate n(r).
-4
Suppose 314*q = -119*q - 285 - 1014. Let l(m) = -m**2 - 31*m - 82. Calculate l(q).
2
Let r(w) = 54*w - 65. Let a(i) = 76*i - 98. Let j(u) = -5*a(u) + 7*r(u). What is j(17)?
1
Let h(m) = -m**2 + 13*m - 5. Let x = 264 - 249. Suppose f - x = -3*k, 4*f - k = 2*k + 45. What is h(f)?
7
Let q(f) be the third derivative of -f**4/6 - 14*f**3/3 + 2309*f**2. Calculate q(-7).
0
Let u(j) = -2*j + 2*j**3 - 3*j**2 - j**3 + 11 - 6*j**2. Suppose 978*c - 15 = -4*y + 981*c, -38 = -5*y + c. Give u(y).
-7
Suppose 2*q = 5*q + o + 205, -2*q - 154 = 5*o. Suppose 2*m = 4*t + 132, t = -3*m - 4*t + 176. Let p = q + m. Let y(c) = -c - 4. Calculate y(p).
1
Let m(c) = -7*c - 1. Let d = 2568 - 2570. Determine m(d).
13
Let o(c) be the third derivative of -1/10*c**5 + 165*c**2 - 1/24*c**4 + 0*c + 0 + 0*c**3. Suppose -1 = -h - 0. Calculate o(h).
-7
Let o(l) be the third derivative of l**4/6 - 11*l**3/3 + 3130*l**2. What is o(7)?
6
Let r(o) = -5*o + o**2 + o - o. Let x(m) = -8*m - 21. Let t(c) = -4*c - 10. Let n(h) = 7*t(h) - 3*x(h). Let i be n(-3). Calculate r(i).
0
Let w = -4740 + 4749. Let g(c) = -c**3 + 10*c**2 - 3*c - 15. Calculate g(w).
39
Let b(s) be the first derivative of 5/3*s**3 + 216 + 2*s**2 + s. Calculate b(-3).
34
Let c(n) be the first derivative of 5*n**4/2 - n**3/3 + n**2/2 - 105*n + 4. Let x(w) be the first derivative of c(w). What is x(1)?
29
Let z(s) be the third derivative of -s**5/60 + 13*s**4/24 - 19*s**3/3 + s**2 - 347*s - 5. Determine z(8).
2
Let u(c) = c**2 - 8*c - 10. Let w be 5/4*(9 + -25 + 12). Determine u(w).
55
Let f(u) = 2*u**2 + u + 1. Let m(n) be the second derivative of n**4/4 + n**3/6 + 3*n**2/2 + n + 9. Let p(g) = -5*f(g) + 3*m(g). Determine p(-4).
-4
Let i(k) = -k**3 + 3*k**2 + 6*k - 5. Suppose 88*m - 83*m - 120 = 0. Suppose m*c - 60 = 36. Calculate i(c).
3
Let d(q) be the third derivative of q**6/120 + q**5/15 - 5*q**4/12 + 2*q**3/3 + 373*q**2 + 2. What is d(2)?
8
Let w(s) = -3*s**3 + 5*s**2 - 6*s + 7. Suppose 0 = 2*m - 4, 2*a + m - 889 + 881 = 0. Determine w(a).
-47
Let s(w) = -w**3 + 2*w**2 - 13. Let c be ((58/(-8) + 7)*0)/(-1). What is s(c)?
-13
Let g(k) = k - 9. Let o(c) = c - 9. Let v(p) = 3*g(p) - 2*o(p). Let t(n) = n**3 - 13*n**2 - 28*n - 21. Let j be t(15). Calculate v(j).
0
Suppose -264 = -7*r + 835. Let g(t) = -t + r - 3*t**2 - 157. Calculate g(-2).
-10
Suppose 4*i - 6 = 2. Let o(r) = -2*r - r - 2*r + i + 6*r. Suppose -3*v + 8 = 4*b + v, -10 = b - 5*v. Calculate o(b).
2
Let x = -86 - -84. Let p be (8 - -7)*x/5. Let u(s) = -2*s - 4. Calculate u(p).
8
Let v(w) = w**2 + w - 1. Let t = 104 - 99. Let b(l) = -8*l**2 - 6*l + 4. Let c(d) = t*v(d) + b(d). What is c(-1)?
-3
Let b be (10 - 8) + 1*2. Suppose f - 20 = -3*f, -5*k + 5 = -5*f. Suppose b*x - k + 14 = 0. Let z(y) = -3*y + 1. Calculate z(x).
7
Suppose -10 = -2*p - 2. Let c(h) = -p - 5 + h + 3 - 2*h. Let j = -3713 - -3719. Calculate c(j).
-12
Let k(r) = 2*r**2 + 13*r + 43. Let c(p) = -p**2 - 67*p - 529. Let t be c(-9). Calculate k(t).
50
Let m(l) = 2*l + 6. Suppose 0 = 3*x - 4*x - 3. Let j be m(x). Let f(u) be the third derivative of u**6/120 - u**4/24 + 2*u**3/3 - 287*u**2 + u. What is f(j)?
4
Let h(c) = 12*c**2 + c. Suppose 5*b - 964 + 3559 = 0. Let g = b - -518. What is h(g)?
11
Let a(k) = -7*k - 12*k - 3 + 5*k + 5. Let p(b) = -b**2 + 104*b + 320. Let i be p(107). Calculate a(i).
16
Let o(u) = -7 - 40*u**3 + 41*u**3 - 254*u**2 + 247*u**2 - u. Give o(7).
-14
Let x = -241 + 241. Let b(q) = -4 - q + x*q - q**2 + 8*q. Calculate b(6).
2
Let b(c) = -3*c - 17*c**2 + 26*c**2 + 10*c**3 - 3 + 22*c**2 - 33*c**2. Calculate b(-2).
-85
Let h be (12/(-21))/((-30)/105). Let t(y) = -1 - 4*y - y**2 + 4*y - y. Calculate t(h).
-7
Let x(q) = -5*q + 8. Let m(i) = 71 - 50 + 68 + 24 - 85*i + 27. Let g(z) = 2*m(z) - 35*x(z). Calculate g(1).
5
Let m(t) = t**3 - 11*t**2 + 20*t + 34. Let c be m(8). Let y(r) = -18*r - c + 13*r + 20*r. Give y(2).
28
Suppose 170*n - 176*n = -66. Let a(c) = 7*c**3 - 3*c**2 + 2. Let i be a(2). Let o(j) = 2*j + i*j**3 + n + 5*j - 45*j**3 - 9*j**2. Determine o(8).
3
Let w be (-1)/4 + 891/39